{"id":13883,"date":"2016-04-04T13:42:53","date_gmt":"2016-04-04T13:42:53","guid":{"rendered":"http:\/\/www.kemproservices.com\/?page_id=13883"},"modified":"2022-07-07T15:19:08","modified_gmt":"2022-07-07T15:19:08","slug":"page-daccueil","status":"publish","type":"page","link":"https:\/\/www.kemproservices.com\/?page_id=13883&lang=fr","title":{"rendered":"Page d&#8217;accueil"},"content":{"rendered":"<div class=\"slider-wrapper relative\" id=\"slider-300612853\" >\n    <div class=\"slider slider-nav-circle slider-nav-large slider-nav-light slider-style-normal slider-show-nav\"\n        data-flickity-options='{\n            \"cellAlign\": \"center\",\n            \"imagesLoaded\": true,\n            \"lazyLoad\": 1,\n            \"freeScroll\": false,\n            \"wrapAround\": true,\n            \"autoPlay\": 6000,\n            \"pauseAutoPlayOnHover\" : true,\n            \"prevNextButtons\": true,\n            \"contain\" : true,\n            \"adaptiveHeight\" : true,\n            \"dragThreshold\" : 10,\n            \"percentPosition\": true,\n            \"pageDots\": true,\n            \"rightToLeft\": false,\n            \"draggable\": true,\n            \"selectedAttraction\": 0.1,\n            \"parallax\" : 1,\n            \"friction\": 0.6        }'\n        >\n        \n\n  <div class=\"banner has-hover\" id=\"banner-389997594\">\n          <div class=\"banner-inner fill\">\n        <div class=\"banner-bg fill\" >\n            <div class=\"bg fill bg-fill \"><\/div>\n                        <div class=\"overlay\"><\/div>            \n                    <\/div>\n        <div class=\"banner-layers container\">\n            <div class=\"fill banner-link\"><\/div>            \n   <div id=\"text-box-252718945\" class=\"text-box banner-layer x10 md-x10 lg-x10 y50 md-y50 lg-y50 res-text\">\n                                <div class=\"text dark\">\n              \n              <div class=\"text-inner text-left\">\n                  \n<h2 class=\"uppercase\">INITIATIVE ECO<\/h2>\n<a href=\"https:\/\/www.kemproservices.com\/?page_id=13899&#038;lang=fr\" target=\"_self\" class=\"button white is-outline\"  >\n    <span>En Savoir Plus<\/span>\n  <\/a>\n\n              <\/div>\n           <\/div>\n                            \n<style>\n#text-box-252718945 {\n  width: 60%;\n}\n#text-box-252718945 .text {\n  font-size: 100%;\n}\n@media (min-width:550px) {\n  #text-box-252718945 {\n    width: 50%;\n  }\n}\n<\/style>\n    <\/div>\n \n        <\/div>\n      <\/div>\n\n            \n<style>\n#banner-389997594 {\n  padding-top: 500px;\n}\n#banner-389997594 .bg.bg-loaded {\n  background-image: url(https:\/\/www.kemproservices.com\/wp-content\/uploads\/2016\/04\/kempro_SERVICES3.png);\n}\n#banner-389997594 .overlay {\n  background-color: rgba(0, 0, 0, 0.31);\n}\n<\/style>\n  <\/div>\n\n\n\n  <div class=\"banner has-hover\" id=\"banner-1847548928\">\n          <div class=\"banner-inner fill\">\n        <div class=\"banner-bg fill\" >\n            <div class=\"bg fill bg-fill \"><\/div>\n                        <div class=\"overlay\"><\/div>            \n                    <\/div>\n        <div class=\"banner-layers container\">\n            <div class=\"fill banner-link\"><\/div>            \n   <div id=\"text-box-928224538\" class=\"text-box banner-layer x50 md-x50 lg-x50 y50 md-y50 lg-y50 res-text\">\n                                <div class=\"text dark\">\n              \n              <div class=\"text-inner text-center\">\n                  \n<h2 class=\"title-heading-center\" data-inline-fontsize=\"true\" data-inline-lineheight=\"true\" data-fontsize=\"60\" data-lineheight=\"72\">NETTOYANTS SP\u00c9CIALIS\u00c9S POUR DE MEILLEURS R\u00c9SULTATS<\/h2>\n<a href=\"https:\/\/www.kemproservices.com\/?page_id=13899&#038;lang=fr\" target=\"_self\" class=\"button white is-outline\"  >\n    <span>En savoir plus<\/span>\n  <\/a>\n\n              <\/div>\n           <\/div>\n                            \n<style>\n#text-box-928224538 {\n  width: 60%;\n}\n#text-box-928224538 .text {\n  font-size: 100%;\n}\n<\/style>\n    <\/div>\n \n        <\/div>\n      <\/div>\n\n            \n<style>\n#banner-1847548928 {\n  padding-top: 500px;\n}\n#banner-1847548928 .bg.bg-loaded {\n  background-image: url(https:\/\/www.kemproservices.com\/wp-content\/uploads\/2016\/04\/partenrs-1024x617.png);\n}\n#banner-1847548928 .overlay {\n  background-color: rgba(0, 0, 0, 0.17);\n}\n<\/style>\n  <\/div>\n\n\n     <\/div>\n\n     <div class=\"loading-spin dark large centered\"><\/div>\n\n     <\/div>\n\n\n\t<section class=\"section\" id=\"section_256423893\">\n\t\t<div class=\"bg section-bg fill bg-fill  bg-loaded\" >\n\n\t\t\t\n\t\t\t\n\t\t\t\n\n\t\t<\/div>\n\n\t\t<div class=\"section-content relative\">\n\t\t\t\n<div class=\"container section-title-container\" style=\"margin-top:31px;\"><h3 class=\"section-title section-title-bold-center\"><b><\/b><span class=\"section-title-main\" style=\"font-size:105%;\">PRODUITS<\/span><b><\/b><\/h3><\/div>\n\t\t<\/div>\n\n\t\t\n<style>\n#section_256423893 {\n  padding-top: 0px;\n  padding-bottom: 0px;\n  background-color: rgb(255, 255, 255);\n}\n<\/style>\n\t<\/section>\n\t\n<div class=\"row row-collapse row-full-width\"  id=\"row-798577379\">\n\n\t<div id=\"col-1230602054\" class=\"col medium-4 large-4\"  >\n\t\t<div class=\"col-inner\"  >\n\t\t\t\n\t\t\t\n\n  <div class=\"banner has-hover bg-zoom\" id=\"banner-941823008\">\n          <div class=\"banner-inner fill\">\n        <div class=\"banner-bg fill\" >\n            <div class=\"bg fill bg-fill \"><\/div>\n                                    \n                    <\/div>\n        <div class=\"banner-layers container\">\n            <a class=\"fill\" href=\"https:\/\/www.kemproservices.com\/?page_id=13910&amp;lang=fr\"  ><div class=\"fill banner-link\"><\/div><\/a>            \n   <div id=\"text-box-2092043301\" class=\"text-box banner-layer x50 md-x50 lg-x50 y50 md-y50 lg-y50 res-text\">\n                                <div class=\"text dark\">\n              \n              <div class=\"text-inner text-center\">\n                  \n<hr \/>\n<h2 class=\"uppercase\" data-animate=\"fadeInUp\" data-animated=\"true\"><a href=\"https:\/\/www.kemproservices.com\/?page_id=13910&amp;lang=fr\">PRODUITS POUR<\/a><\/h2>\n<h2 class=\"uppercase\" data-animate=\"fadeInUp\" data-animated=\"true\">LAVE-VAISSELLE<\/h2>\n<hr \/>\n              <\/div>\n           <\/div>\n                            \n<style>\n#text-box-2092043301 {\n  width: 60%;\n}\n#text-box-2092043301 .text {\n  font-size: 100%;\n}\n<\/style>\n    <\/div>\n \n        <\/div>\n      <\/div>\n\n            \n<style>\n#banner-941823008 {\n  padding-top: 50%;\n}\n#banner-941823008 .bg.bg-loaded {\n  background-image: url(https:\/\/www.kemproservices.com\/wp-content\/uploads\/2015\/05\/dish-845x1024.png);\n}\n#banner-941823008 .bg {\n  background-position: 21% 61%;\n}\n<\/style>\n  <\/div>\n\n\n\t\t<\/div>\n\t\t\t<\/div>\n\n\t\n\n\t<div id=\"col-1987297624\" class=\"col medium-4 large-4\"  >\n\t\t<div class=\"col-inner\"  >\n\t\t\t\n\t\t\t\n\n  <div class=\"banner has-hover bg-zoom\" id=\"banner-1223073031\">\n          <div class=\"banner-inner fill\">\n        <div class=\"banner-bg fill\" >\n            <div class=\"bg fill bg-fill \"><\/div>\n                                    \n                    <\/div>\n        <div class=\"banner-layers container\">\n            <a class=\"fill\" href=\"https:\/\/www.kemproservices.com\/?page_id=13914&amp;lang=fr\"  ><div class=\"fill banner-link\"><\/div><\/a>            \n   <div id=\"text-box-1342635390\" class=\"text-box banner-layer x50 md-x50 lg-x50 y50 md-y50 lg-y50 res-text\">\n                                <div class=\"text dark\">\n              \n              <div class=\"text-inner text-center\">\n                  \n<hr \/>\n<h2 class=\"uppercase\" data-animate=\"fadeInUp\" data-animated=\"true\"><a href=\"https:\/\/www.kemproservices.com\/?page_id=13914&amp;lang=fr\">HYGI\u00c8NE<\/a><\/h2>\n<h2 class=\"uppercase\" data-animate=\"fadeInUp\" data-animated=\"true\">DE CUISINE<\/h2>\n<hr \/>\n<h3 class=\"uppercase\"><\/h3>\n              <\/div>\n           <\/div>\n                            \n<style>\n#text-box-1342635390 {\n  width: 60%;\n}\n#text-box-1342635390 .text {\n  font-size: 100%;\n}\n<\/style>\n    <\/div>\n \n        <\/div>\n      <\/div>\n\n            \n<style>\n#banner-1223073031 {\n  padding-top: 50%;\n}\n#banner-1223073031 .bg.bg-loaded {\n  background-image: url(https:\/\/www.kemproservices.com\/wp-content\/uploads\/2016\/03\/kempro_higeine.png);\n}\n<\/style>\n  <\/div>\n\n\n\t\t<\/div>\n\t\t\t<\/div>\n\n\t\n\n\t<div id=\"col-1757062846\" class=\"col medium-4 large-4\"  >\n\t\t<div class=\"col-inner\"  >\n\t\t\t\n\t\t\t\n\n  <div class=\"banner has-hover bg-zoom\" id=\"banner-1961505801\">\n          <div class=\"banner-inner fill\">\n        <div class=\"banner-bg fill\" >\n            <div class=\"bg fill bg-fill \"><\/div>\n                                    \n                    <\/div>\n        <div class=\"banner-layers container\">\n            <a class=\"fill\" href=\"https:\/\/www.kemproservices.com\/?page_id=13905&amp;lang=fr\"  ><div class=\"fill banner-link\"><\/div><\/a>            \n   <div id=\"text-box-1123087293\" class=\"text-box banner-layer x50 md-x50 lg-x50 y50 md-y50 lg-y50 res-text\">\n                                <div class=\"text dark\">\n              \n              <div class=\"text-inner text-center\">\n                  \n<hr \/>\n<h2 class=\"uppercase\" data-animate=\"fadeInUp\" data-animated=\"true\"><a href=\"https:\/\/www.kemproservices.com\/?page_id=13905&amp;lang=fr\">PRODUITS POUR<\/a><\/h2>\n<h2 class=\"uppercase\" data-animate=\"fadeInUp\" data-animated=\"true\">LAVAGE DE VOITURE<\/h2>\n<hr \/>\n              <\/div>\n           <\/div>\n                            \n<style>\n#text-box-1123087293 {\n  width: 60%;\n}\n#text-box-1123087293 .text {\n  font-size: 100%;\n}\n<\/style>\n    <\/div>\n \n        <\/div>\n      <\/div>\n\n            \n<style>\n#banner-1961505801 {\n  padding-top: 50%;\n}\n#banner-1961505801 .bg.bg-loaded {\n  background-image: url(https:\/\/www.kemproservices.com\/wp-content\/uploads\/2015\/05\/car.png);\n}\n#banner-1961505801 .bg {\n  background-position: 89% 61%;\n}\n<\/style>\n  <\/div>\n\n\n\t\t<\/div>\n\t\t\t<\/div>\n\n\t\n<\/div>\n<div class=\"row row-collapse row-full-width\"  id=\"row-30508037\">\n\n\t<div id=\"col-1752079663\" class=\"col medium-4 large-4\"  >\n\t\t<div class=\"col-inner\"  >\n\t\t\t\n\t\t\t\n\n  <div class=\"banner has-hover bg-zoom\" id=\"banner-213288467\">\n          <div class=\"banner-inner fill\">\n        <div class=\"banner-bg fill\" >\n            <div class=\"bg fill bg-fill \"><\/div>\n                                    \n                    <\/div>\n        <div class=\"banner-layers container\">\n            <a class=\"fill\" href=\"https:\/\/www.kemproservices.com\/?page_id=13946&lang=fr\"  ><div class=\"fill banner-link\"><\/div><\/a>            \n   <div id=\"text-box-1604920819\" class=\"text-box banner-layer x50 md-x50 lg-x50 y50 md-y50 lg-y50 res-text\">\n                                <div class=\"text dark\">\n              \n              <div class=\"text-inner text-center\">\n                  \n<hr \/>\n<h2 class=\"uppercase\" data-animate=\"fadeInUp\" data-animated=\"true\"><a href=\"https:\/\/www.kemproservices.com\/?page_id=13946&#038;lang=fr\"><strong>PRODUITS <\/strong><\/a><\/h2>\n<h2 class=\"uppercase\" data-animate=\"fadeInUp\" data-animated=\"true\"><a href=\"https:\/\/www.kemproservices.com\/?page_id=13946&amp;lang=fr\"><strong>DE\u00a0BUANDERIE<\/strong><\/a><\/h2>\n<hr \/>\n              <\/div>\n           <\/div>\n                            \n<style>\n#text-box-1604920819 {\n  width: 60%;\n}\n#text-box-1604920819 .text {\n  font-size: 100%;\n}\n<\/style>\n    <\/div>\n \n        <\/div>\n      <\/div>\n\n            \n<style>\n#banner-213288467 {\n  padding-top: 50%;\n}\n#banner-213288467 .bg.bg-loaded {\n  background-image: url(https:\/\/www.kemproservices.com\/wp-content\/uploads\/2015\/05\/laundry-845x1024.png);\n}\n#banner-213288467 .bg {\n  background-position: 82% 0%;\n}\n<\/style>\n  <\/div>\n\n\n\t\t<\/div>\n\t\t\t<\/div>\n\n\t\n\n\t<div id=\"col-689925709\" class=\"col medium-4 large-4\"  >\n\t\t<div class=\"col-inner\"  >\n\t\t\t\n\t\t\t\n\n  <div class=\"banner has-hover bg-zoom\" id=\"banner-1580025983\">\n          <div class=\"banner-inner fill\">\n        <div class=\"banner-bg fill\" >\n            <div class=\"bg fill bg-fill \"><\/div>\n                                    \n                    <\/div>\n        <div class=\"banner-layers container\">\n            <a class=\"fill\" href=\"https:\/\/www.kemproservices.com\/?page_id=13923&amp;lang=fr\"  ><div class=\"fill banner-link\"><\/div><\/a>            \n   <div id=\"text-box-2007509163\" class=\"text-box banner-layer x50 md-x50 lg-x50 y50 md-y50 lg-y50 res-text\">\n                                <div class=\"text dark\">\n              \n              <div class=\"text-inner text-center\">\n                  \n<hr \/>\n<h2 class=\"uppercase\" data-animate=\"fadeInUp\" data-animated=\"true\"><a href=\"https:\/\/www.kemproservices.com\/?page_id=13923&amp;lang=fr\"><b>SOINS <\/b><\/a><\/h2>\n<h2 class=\"uppercase\" data-animate=\"fadeInUp\" data-animated=\"true\"><b>DES CHAMBRES<\/b><\/h2>\n<hr \/>\n<h2 class=\"uppercase\" data-animate=\"fadeInUp\" data-animated=\"true\"><\/h2>\n              <\/div>\n           <\/div>\n                            \n<style>\n#text-box-2007509163 {\n  width: 60%;\n}\n#text-box-2007509163 .text {\n  font-size: 100%;\n}\n<\/style>\n    <\/div>\n \n        <\/div>\n      <\/div>\n\n            \n<style>\n#banner-1580025983 {\n  padding-top: 50%;\n}\n#banner-1580025983 .bg.bg-loaded {\n  background-image: url(https:\/\/www.kemproservices.com\/wp-content\/uploads\/2016\/03\/housekeeeeeeee.png);\n}\n<\/style>\n  <\/div>\n\n\n\t\t<\/div>\n\t\t\t<\/div>\n\n\t\n\n\t<div id=\"col-1674232743\" class=\"col medium-4 large-4\"  >\n\t\t<div class=\"col-inner\"  >\n\t\t\t\n\t\t\t\n\n  <div class=\"banner has-hover bg-zoom\" id=\"banner-814640000\">\n          <div class=\"banner-inner fill\">\n        <div class=\"banner-bg fill\" >\n            <div class=\"bg fill bg-fill \"><\/div>\n                                    \n                    <\/div>\n        <div class=\"banner-layers container\">\n            <a class=\"fill\" href=\"https:\/\/www.kemproservices.com\/?page_id=13920&lang=fr\"  ><div class=\"fill banner-link\"><\/div><\/a>            \n   <div id=\"text-box-225194646\" class=\"text-box banner-layer x50 md-x50 lg-x50 y50 md-y50 lg-y50 res-text\">\n                                <div class=\"text dark\">\n              \n              <div class=\"text-inner text-center\">\n                  \n<hr \/>\n<h2 class=\"uppercase\" data-animate=\"fadeInUp\" data-animated=\"true\"><a href=\"https:\/\/www.kemproservices.com\/?page_id=13920&#038;lang=fr\">AGRO\u00a0<\/a><\/h2>\n<h2 class=\"uppercase\" data-animate=\"fadeInUp\" data-animated=\"true\">ALIMENTAIRE<\/h2>\n<hr \/>\n              <\/div>\n           <\/div>\n                            \n<style>\n#text-box-225194646 {\n  width: 60%;\n}\n#text-box-225194646 .text {\n  font-size: 100%;\n}\n<\/style>\n    <\/div>\n \n        <\/div>\n      <\/div>\n\n            \n<style>\n#banner-814640000 {\n  padding-top: 50%;\n}\n#banner-814640000 .bg.bg-loaded {\n  background-image: url(https:\/\/www.kemproservices.com\/wp-content\/uploads\/2016\/04\/FOOD.png);\n}\n<\/style>\n  <\/div>\n\n\n\t\t<\/div>\n\t\t\t<\/div>\n\n\t\n<\/div>\n\t<div id=\"gap-312448014\" class=\"gap-element clearfix\" style=\"display:block; height:auto;\">\n\t\t\n<style>\n#gap-312448014 {\n  padding-top: 57px;\n}\n<\/style>\n\t<\/div>\n\t\n<div class=\"row row-collapse row-full-width\"  id=\"row-297823576\">\n\n\t<div id=\"col-1476571201\" class=\"col medium-6 large-6\"  >\n\t\t<div class=\"col-inner\"  >\n\t\t\t\n\t\t\t\n\n  <div class=\"banner has-hover\" id=\"banner-1087099604\">\n          <div class=\"banner-inner fill\">\n        <div class=\"banner-bg fill\" >\n            <div class=\"bg fill bg-fill \"><\/div>\n                                    \n                    <\/div>\n        <div class=\"banner-layers container\">\n            <div class=\"fill banner-link\"><\/div>            \n\t<div class=\"img has-hover x50 md-x50 lg-x50 y50 md-y50 lg-y50\" id=\"image_1316987794\">\n\t\t\t\t\t\t<div data-animate=\"bounceInUp\">\t\t<div class=\"img-inner image-zoom dark\" >\n\t\t\t<img width=\"500\" height=\"256\" src=\"https:\/\/www.kemproservices.com\/wp-content\/uploads\/2015\/03\/Untitled-3.png\" class=\"attachment-large size-large\" alt=\"\" loading=\"lazy\" srcset=\"https:\/\/www.kemproservices.com\/wp-content\/uploads\/2015\/03\/Untitled-3.png 500w, https:\/\/www.kemproservices.com\/wp-content\/uploads\/2015\/03\/Untitled-3-300x154.png 300w\" sizes=\"(max-width: 500px) 100vw, 500px\" \/>\t\t\t\t\t\t\n\t\t\t\t\t<\/div>\n\t\t<\/div>\t\t\t\t\t\t\n<style>\n#image_1316987794 {\n  width: 76%;\n}\n<\/style>\n\t<\/div>\n\t\n        <\/div>\n      <\/div>\n\n            \n<style>\n#banner-1087099604 {\n  padding-top: 500px;\n}\n<\/style>\n  <\/div>\n\n\n\t\t<\/div>\n\t\t\t<\/div>\n\n\t\n\n\t<div id=\"col-1740080077\" class=\"col medium-6 large-6\"  >\n\t\t<div class=\"col-inner\"  >\n\t\t\t\n\t\t\t\n\n  <div class=\"banner has-hover\" id=\"banner-2081129941\">\n          <div class=\"banner-inner fill\">\n        <div class=\"banner-bg fill\" >\n            <div class=\"bg fill bg-fill \"><\/div>\n                                    \n                    <\/div>\n        <div class=\"banner-layers container\">\n            <div class=\"fill banner-link\"><\/div>            \n   <div id=\"text-box-80608650\" class=\"text-box banner-layer x50 md-x50 lg-x50 y50 md-y50 lg-y50 res-text\">\n                                <div class=\"text dark\">\n              \n              <div class=\"text-inner text-center\">\n                  \n<h2><strong>A propos de Kempro<\/strong><\/h2>\n<p><span style=\"font-size: 120%;\">Nous nous effor\u00e7ons pour fournir des produits de haute qualit\u00e9 afin d\u2019obtenir des r\u00e9sultats optimales au plus bas co\u00fbt possible.\u00a0Nos \u00e9quipements de fines pointes contr\u00f4lent l\u2019efficacit\u00e9 de ces produits pour s\u2019assurer d\u2019un usage facile et s\u00e9curitaire. Notre service 24\/7 assure cette efficacit\u00e9 continue.<\/span><\/p>\n<hr \/>\n<h2><strong>Initiative Eco<\/strong><\/h2>\n<p><span style=\"font-size: 120%;\">Nous sommes tr\u00e8s conscients de l\u2019importance envers l\u2019environnement et c\u2019est pour cela nous fabriquons des produits de nettoyage exceptionnels et des produits biotechnologiques.\u00a0Nous sommes en progression et d\u00e9veloppement continu envers de nouveaux produits et produits existants.<\/span><\/p>\n              <\/div>\n           <\/div>\n                            \n<style>\n#text-box-80608650 {\n  width: 60%;\n}\n#text-box-80608650 .text {\n  font-size: 100%;\n}\n<\/style>\n    <\/div>\n \n        <\/div>\n      <\/div>\n\n            \n<style>\n#banner-2081129941 {\n  padding-top: 500px;\n  background-color: rgb(120, 117, 117);\n}\n<\/style>\n  <\/div>\n\n\n\t\t<\/div>\n\t\t\t<\/div>\n\n\t\n<\/div>\n<div class=\"row row-collapse row-full-width\"  id=\"row-579121690\">\n\n\t<div id=\"col-1113785370\" class=\"col medium-6 large-6\"  >\n\t\t<div class=\"col-inner\"  >\n\t\t\t\n\t\t\t\n\n\t<script type=\"text\/javascript\">\n  jQuery( document ).ready(function() {\n    function initialize() {\n        var styles = {\n            'flatsome':  [{\n            \"featureType\": \"administrative\",\n            \"stylers\": [\n              { \"visibility\": \"on\" }\n            ]\n          },\n          {\n            \"featureType\": \"road\",\n            \"stylers\": [\n              { \"visibility\": \"on\" },\n              { \"hue\": \"#ffffff\" }\n            ]\n          },\n          {\n            \"stylers\": [\n\t\t\t  { \"visibility\": \"on\" },\n\t\t\t  { \"hue\": \"#ffffff\" },\n\t\t\t  { \"saturation\": -30 }\n            ]\n          }\n        ]};\n\n        var myLatlng = new google.maps.LatLng(45.589441, -73.5841731);\n        var myOptions = {\n            zoom: 15,\n            center: myLatlng,\n            mapTypeId: google.maps.MapTypeId.ROADMAP,\n            disableDefaultUI: true,\n            mapTypeId: 'flatsome',\n            draggable: true,\n            zoomControl: true,\n            zoomControlOptions: {\n              position: google.maps.ControlPosition.TOP_LEFT\n            },\n      \t\t\t\/\/ panControl: true,\n            \/\/ panControlOptions: {\n            \/\/   position: google.maps.ControlPosition.TOP_LEFT\n            \/\/ },\n      \t\t\tmapTypeControl: true,\n            mapTypeControlOptions: {\n              position: google.maps.ControlPosition.TOP_LEFT\n            },\n      \t\t\t\/\/ scaleControl: true,\n            \/\/ scaleControlOptions: {\n            \/\/   position: google.maps.ControlPosition.TOP_LEFT\n            \/\/ },\n      \t\t\tstreetViewControl: true,\n            streetViewControlOptions: {\n              position: google.maps.ControlPosition.TOP_LEFT\n            },\n      \t\t\t\/\/ overviewMapControl: true,\n            \/\/ overviewMapControlOptions: {\n            \/\/   position: google.maps.ControlPosition.TOP_LEFT\n            \/\/ },\n            scrollwheel: false,\n            disableDoubleClickZoom: true\n        }\n        var map = new google.maps.Map(document.getElementById(\"map-78820540-inner\"), myOptions);\n        var styledMapType = new google.maps.StyledMapType(styles['flatsome'], {name: 'flatsome'});\n        map.mapTypes.set('flatsome', styledMapType);\n\n        var marker = new google.maps.Marker({\n            position: myLatlng,\n            map: map,\n            title:\"\"\n        });\n    }\n\n    \/\/ Required to proceed\n    if (!(typeof google === 'object' && typeof google.maps === 'object')) {\n      return\n    }\n\n    google.maps.event.addDomListener(window, 'load', initialize);\n    google.maps.event.addDomListener(window, 'resize', initialize);\n    });\n    <\/script>\n\n    <div class=\"google-map relative mb\" id=\"map-78820540\">\n        <div class=\"map-height\" id=\"map-78820540-inner\"><\/div>\n        <div id=\"map_overlay_top\"><\/div>\n        <div id=\"map_overlay_bottom\"><\/div>\n         \n       \n<style>\n#map-78820540 .map-inner {\n  background-color: #fff;\n  max-width: 100%;\n}\n#map-78820540 .map-height {\n  height: 400px;\n}\n@media (min-width:550px) {\n  #map-78820540 .map-inner {\n    max-width: 40%;\n  }\n}\n@media (min-width:850px) {\n  #map-78820540 .map-inner {\n    max-width: 30%;\n  }\n}\n<\/style>\n    <\/div>\n\n\t\n\t\t<\/div>\n\t\t\t<\/div>\n\n\t\n\n\t<div id=\"col-122631082\" class=\"col medium-6 large-6\"  >\n\t\t<div class=\"col-inner\"  >\n\t\t\t\n\t\t\t\n\n  <div class=\"banner has-hover\" id=\"banner-822590645\">\n          <div class=\"banner-inner fill\">\n        <div class=\"banner-bg fill\" >\n            <div class=\"bg fill bg-fill \"><\/div>\n                                    \n                    <\/div>\n        <div class=\"banner-layers container\">\n            <div class=\"fill banner-link\"><\/div>            \n   <div id=\"text-box-2005141535\" class=\"text-box banner-layer x50 md-x50 lg-x50 y50 md-y50 lg-y50 res-text\">\n                                <div class=\"text dark\">\n              \n              <div class=\"text-inner text-center\">\n                  \n<hr \/>\n<h3 data-inline-fontsize=\"true\" data-inline-lineheight=\"true\" data-fontsize=\"20\" data-lineheight=\"30\">HEURES D\u2019OUVERTURE<\/h3>\n<hr \/>\n<p><span style=\"font-size: 120%;\">LUNDI \u2013 VENDREDI<\/span><\/p>\n<p><span style=\"font-size: 120%;\">8:00AM ~ 4:00 PM<\/span><\/p>\n<p data-fontsize=\"18\" data-lineheight=\"28\"><span style=\"font-size: 120%;\">Telephone: (514)-3KEMPRO (514)-353-6776<\/span><\/p>\n<p data-fontsize=\"18\" data-lineheight=\"28\"><span style=\"font-size: 120%;\">Sans Frais:\u00a01-800-299-0548<\/span><\/p>\n<p data-fontsize=\"18\" data-lineheight=\"28\"><span style=\"font-size: 120%;\">Fax: (514) 447-3739<\/span><\/p>\n<p data-fontsize=\"18\" data-lineheight=\"28\"><span style=\"font-size: 120%;\">info@kemproservices.com<\/span><\/p>\n              <\/div>\n           <\/div>\n                            \n<style>\n#text-box-2005141535 {\n  width: 60%;\n}\n#text-box-2005141535 .text {\n  font-size: 100%;\n}\n<\/style>\n    <\/div>\n \n        <\/div>\n      <\/div>\n\n            \n<style>\n#banner-822590645 {\n  padding-top: 500px;\n  background-color: rgb(33, 33, 33);\n}\n<\/style>\n  <\/div>\n\n\n\t\t<\/div>\n\t\t\t<\/div>\n\n\t\n<\/div>\n","protected":false},"excerpt":{"rendered":"","protected":false},"author":1,"featured_media":0,"parent":0,"menu_order":0,"comment_status":"open","ping_status":"open","template":"page-blank.php","meta":[],"_links":{"self":[{"href":"https:\/\/www.kemproservices.com\/index.php?rest_route=\/wp\/v2\/pages\/13883"}],"collection":[{"href":"https:\/\/www.kemproservices.com\/index.php?rest_route=\/wp\/v2\/pages"}],"about":[{"href":"https:\/\/www.kemproservices.com\/index.php?rest_route=\/wp\/v2\/types\/page"}],"author":[{"embeddable":true,"href":"https:\/\/www.kemproservices.com\/index.php?rest_route=\/wp\/v2\/users\/1"}],"replies":[{"embeddable":true,"href":"https:\/\/www.kemproservices.com\/index.php?rest_route=%2Fwp%2Fv2%2Fcomments&post=13883"}],"version-history":[{"count":56,"href":"https:\/\/www.kemproservices.com\/index.php?rest_route=\/wp\/v2\/pages\/13883\/revisions"}],"predecessor-version":[{"id":15109,"href":"https:\/\/www.kemproservices.com\/index.php?rest_route=\/wp\/v2\/pages\/13883\/revisions\/15109"}],"wp:attachment":[{"href":"https:\/\/www.kemproservices.com\/index.php?rest_route=%2Fwp%2Fv2%2Fmedia&parent=13883"}],"curies":[{"name":"wp","href":"https:\/\/api.w.org\/{rel}","templated":true}]}}